-36
What is 128 + -9 - (-489 - -619)?
-11
What is (-1 - (-5 + -1 + 1)) + (-59 - -23) - -10?
-22
-30 + (-28 - -48) + 17 + -9
-2
Evaluate -4 - -15 - 44 - -23.
-10
What is (272 + -432 + 149 - ((1 - 0) + -3)) + 93?
84
41 + (-25 + 18 - -13) - 9
38
What is -20 + (-5783 - -5781) + 10 + (-1 - -2)?
-11
What is 68 + (-1 - 81 - 28)?
-42
Calculate 28 - (10 - (19 + -1)) - -33.
69
(-2 - -16) + -154 + 162 + 2
24
-124 + 2 + (17 - -6) + (13 - -4)
-82
Evaluate -1 + -25 - (-1595 - -1599).
-30
What is the value of (-7 - -44) + (14 - (11 + 5) - -25)?
60
What is -13 - (33 + -1 + -40 - (4 + -1))?
-2
Calculate -45 + 167 + (28 - 114).
36
What is 43 - (38 - 77) - (6 + -31 + 9)?
98
What is 2 + 5 - ((4 - (10 + -2 + 9)) + -1)?
21
Evaluate 24 + -17 + (2 - -1) + -25 + -25 + 50.
10
4 - 42 - ((-16 - 5) + 33 + -12)
-38
10 - (7 - 5 - -10 - 3 - (3 + 7))
11
Evaluate (-1 - -10) + 5 + 1 - (105 + -103).
13
(0 - -19 - ((21 - 28) + 155)) + (1 - -13)
-115
What is the value of 28 + (17 - (15 - -11)) + -4?
15
What is -21 - (46 - 34 - ((-3 - -3) + 2))?
-31
What is the value of -69 + 38 + (-59 - -53)?
-37
What is the value of (96 - (-38 + 89)) + -37?
8
What is the value of 30 + 1 - (-1606 - -1642) - (71 + 2)?
-78
What is -52 + (-7 - (-1 + -22 - (-110 + 104)))?
-42
What is 45 - (-12 + -22 - -119)?
-40
What is 1 + 23 + (-241 - -235) + 28?
46
What is the value of 91 + 14 + -11 - (3 + (-29 - -9) + 9)?
102
Calculate -17 + 25 + -6 + -22 + 0.
-20
Evaluate (-111 - -48) + 15 - -110.
62
Calculate -372 + 250 + 90 + 1 + -40.
-71
Evaluate (-14 - (-20 + 22)) + 3 + 25 + -74.
-62
Calculate (168 - 413 - -171) + 0 + -5 + 0 + -2.
-81
What is 64 - 38 - 71 - -75?
30
(-22 + 21 - (0 - 45)) + (7 - -16) + -11
56
What is -1 + (-72 - -16 - -61)?
4
What is the value of 41 + 2 + -3 + (900 - 912)?
28
Evaluate -69 + 0 - ((248 - 259) + 13).
-71
Calculate 6 + (-9 + (31 - 0) - 41) - (-3 - 34).
24
Evaluate (-74 - (-18 - 81)) + (0 - -3).
28
33 + (-40 - -3) + -17
-21
Calculate 14 + (17 - (1 + (-14 - -10))).
34
What is 202 - 90 - 52 - 153?
-93
What is -2 + 10 + (46 - (-8 - -1) - (34 - 36))?
63
What is (-49 - (82 - 143)) + -49?
-37
What is -1 + 17 - (392 - 377) - 21?
-20
What is the value of -1 + 4 + -28 + (100 - 53)?
22
What is 18 - (-54 - (-34 - -12))?
50
10 + (103 - 69) + -9
35
What is 6 + 26 + -47 + 13 + -3?
-5
0 - 2 - -6 - (20 + (-38 - (-21 - 37)))
-36
Evaluate (-9 - ((4 - 8) + 5)) + 8 - 23.
-25
Calculate -17 + -2 + 41 + -6 + 6 + 14.
36
8 + -42 + -36 + 85
15
Evaluate -18 + 76 + (35 - 38).
55
Evaluate (-2 - 12) + 3 + -4 + -2 + -27.
-44
Evaluate (-26 - (-21 - (13 - -4))) + 17 + 60.
89
2 - (3 + 69) - (-4038 - -4028)
-60
Calculate (22 - 9) + -7 - -14.
20
What is (-64 - (-196 + 125)) + (0 - 21)?
-14
(-4120 - -4136) + (-28 - 0)
-12
Calculate (-125 - -120) + (-2 - -2 - -6).
1
What is the value of (10 - (1 - 45)) + -4?
50
Calculate -371 - -357 - (0 + 10).
-24
What is (-1 - (24 - 15) - 7) + -71 + 2?
-86
Evaluate -144 - (-356 + -68 + 150).
130
38 + (11 - (30 - 21)) + 13 + -3
50
0 + 0 + (3 - (-11 + 5)) + 1
10
Evaluate -1 + 54 - (-1 - -3) - (599 - 585).
37
What is the value of 401 + -240 - (86 - 10)?
85
-18 + (-10 + 12 - -33) + -17 - 56
-56
Calculate (-47 - (108 + -117)) + 4 + 57.
23
Calculate -7 + 23 + (11 - (3 - (3 + -15))).
12
What is the value of 23 + 13 + -16 + -25 - 41?
-46
What is (-288 - -280) + -1 + -1 + 1 + -61 + -6?
-76
Evaluate (-94 - 4) + -414 + 450.
-62
What is -29 + 25 + 13 + -11?
-2
Evaluate -67 + (14 + 22 - 28 - 35).
-94
What is 1 + 0 - (4 - (39 + 77) - -27)?
86
Calculate -69 + -46 + (0 - 3) + 25.
-93
What is the value of 8 + 1 - (704 - 751)?
56
What is the value of 77 - 37 - (-3 - (5 + -14) - 8)?
42
What is 43 - (1 + (6 - 3) + 63 + -74)?
50
What is the value of (-3 - 4) + 8 - (-10 + 0 + (49 - 51))?
13
Evaluate 36 - (3 + (-1 - -2) - (-82 + (30 - -43))).
23
Calculate (457 - 362) + (-25 - -7).
77
What is 8 + 0 + (-418 - -348) + (-1 - 15)?
-78
Evaluate 92 + (-58 - 36) + -109.
-111
Evaluate 2 - (-12 - (-37 + -9 - -19)).
-13
Evaluate 10 - (26 + (26 - 38) - 9).
5
-2 - -10 - (-22 - -1 - (653 + -727))
-45
84 + -122 + 32 - 80
-86
-5 + (-21 + (4 - 35) - -23)
-34
What is (-55 - (-35 + -13)) + -1 + -54 + -4 + 2?
-64
Evaluate 142 + (26 - 27) + -27 + (6 - -7).
127
What is (-12 + 9 - -45) + -272 + 241?
11
What is (13 - 3) + 15 + -5 + -14?
6
Calculate 49 + (-14 - (-31 + 29)) + 15.
52
Evaluate -11 + (11 + -3 - -1) + -10 + 2.
-10
112 - (89 - 83 - (26 - 37))
95
Calculate 13 - (26 - (12 + 3) - -11) - (3 - -34).
-46
(-3485 - -3578) + -16 + 3
80
What is the value of -9 + 22 + 408 + -386?
35
Evaluate -1 - (-2 - (-3 + 0) - (474 - 449)).
23
What is the value of 4 - -1 - (81 + -77 + 40)?
-39
What is (1 + -7 - -2) + (56 - (-33 + 92)) - 8?
-15
-10 + 26 + (15 - 1)
30
46 - (12 + -61 + 25)
70
Evaluate (-70 - -73) + (-83 - (-5 - -13) - 8).
-96
What is the value of 39 + 2 + (686 - 741)?
-14
What is the value of -18 + (74 + -49 - (8 - -4))?
-5
What is -39 - (1 + 0 + -13 + -644 + 667)?
-50
(-1 - -31) + 38 + -72 + -1
-5
Evaluate -16 + 9 + -22 + 24 + 8 + 2.
5
What is -91 + 13 + 3 + (-13 - (-7 + (-8 - -16)))?
-89
What is 48 + 9 + (-23 + (8 - -34) - (12 - -1))?
63
Calculate -84 - -98 - (3 - (-1 - 3) - 0) - -96.
103
Calculate -4 + 31 + -13 + 0 + -17.
-3
What is the value of 26 + (19 - 33) + (-1 - -5 - (33 - 22))?
5
What is the value of 12 + (-10 - (-6 - -23)) + 23 - -29?
37
What is the value of -181 - -104 - (-11 + -11 - -4)?
-59
What is the value of 29 - 5 - ((4 - 28) + 286 + -196)?
-42
What is (-67 - 1) + 0 + 31 + -6?
-43
What is the value of 9 + (81 - 60) + 1 + -1 + 3 + 2?
35
45 - (31 - (-2 - -13))
25
391 + -388 + (-2 - 3) - -2
0
Calculate 14 + 0 + 2 + 23 + -1459 + 1474.
54
Calculate -90 - 1 - (-2 - (20 - 43)).
-112
What is the value of 45 + ((-16 - -20 - 19) + 15 - 3)?
42
What is (-1 - 48) + (17 - (9 + 20 + -2 + -20))?
-39
Calculate 5 + (113 - -1 - (17 - 16) - (-266 - -278)).
106
Calculate -22 - ((12 - 85) + 41).
10
Evaluate -30 - -49 - 4 - (-9 - -2) - -104.
126
71 + -46 - 1 - 61
-37
What is the value of 613 + -587 - (-3 + 5 - 25)?
49
What is -4 + 0 + (-25 - -32) + (10 - (9 + -83))?
87
Calculate 26 + -42 - (10 + (-58 - -13)).
19
0 - 7 - (-71 - -17 - -91)
-44
31 + (-52 - (-10 - -3))
-14
Evaluate (-109 - ((-25 - (-27 + 13)) + (11 - -3))) + 0.
-112
What is the value of (120 - 75) + -114 + 12?
-57
Calculate -81 + 6 + 138 - 60.
3
What is the value of 13 + (-3 - ((12 - 4) + -7) - 7) + 12?
14
What is -41 - (-51 + 43) - -37?
4
Calculate -4 + -30 + 55 - 94 - (11 + 2).
-86
Evaluate (-25 + -2 - -10 - -7) + 20 - 50.
-40
(-12 - -3) + 15 - -12 - (-47 - 9)
74
What is 28 - (2 + 39) - -33?
20
What is 3358 + -3484 - (-1 + -85)?
-40
Calculate 49 + 3 + 32 + -36.
48
Evaluate 14 + -87 + (33 - (-3 + -1 + 20)).
-56
What is the value of (-5 - -12 - 13 - -17) + -14?
-3
(6445 - 6425) + (-79 - (0 + -2 + 3))
-60
What is (13 - 26) + -14 + -1 + (3 - 8)?
-33
Evaluate 34 + -61 + 2 + (8 - -8).
-9
What is -5 + 4 + (-7 - (-6 + -17)) + 4 + -144?
-125
(8 + (-5 - 6) - 10) + (-12 + 109 - -3)
87
What is 34 + (8 + -23 - -32)?
51
What is -24 - ((-11 - -9 - 0) + -1 + 7 - 8)?
-20
Calculate 8 + -35 + 7 + 12 + 31.
23
What is the value of 5 + 0 + 26 + (-294 - -321)?
58
29 + 43 + -108 - (-27 + 71)
-80
Calculate -31 - -67 - 39 - -11.
8
(-15 - -2) + (22 - (-5 + -8))
22
Evaluate 51 - (-13 + (0 + -23 + 15 - -24)).
48
-1 - 1 - (39 + -107 + 65)
1
What is 48 - (42 - 20) - (60 + 0)?
-34
Calculate 2 + -5 + (14 + -67 + (16 - 4) - -4).
-40
Calculate 5 + -3 + 11 + (-37 - 0) + 44.
20
Calculate -29 + (73 - 13 - 19).
12
Calculate (133 - (213 + -91)) + 117.
128
(-6 - -3) + (7 - 36) + -13 + 19
-26
Calculate 57 + -51 + -1 + 1 + -5 + -22.
-21
28 + (-1 + -12 - (10 - (-3 - -24)))
26
What is the value of -119 + (9 - 2) + (261 - 221)?
-72
-33 + 81 + (-83 - -61)
26
What is (374 - 390) + 0 + (7 - (7 + -4))?
-12
(-84 - (109 + -157)) + 92
56
Calculate -19 - (7 + -20 + 7 - (0 + -4 - 4)).
-21
Calculate 44 + (-66 - (-40 + 32)).
-14
Calculate 60 + (44 - (101 - 86)).
89
-15 - (107 + -76 - 6)
-40
-4 - (-41 + 13) - (22 + -6)
8
100 - (-10 - (19 - 18) - (-2 + 2))
111
What is (181 - 95) + -79 - (-1 + 58)?
-50
93 - (31 + -58 + 72)
48
Evaluate -161 + -29 - -36 - -42 - -25.
-87
Calculate 9 - 45 - -65 - 52.
-23
What is 25 + (16 - 23 - (3 + -2))?
17
(-1 - 2) + (112 - (22 - -50)) + 1 + 23
61
What is -147 + 52 + 77 - 108?
-126
Calculate -4